{"id":74,"date":"2024-01-07T15:26:26","date_gmt":"2024-01-07T15:26:26","guid":{"rendered":"https:\/\/campmil.pl\/www\/?post_type=product&#038;p=74"},"modified":"2024-01-07T15:34:11","modified_gmt":"2024-01-07T15:34:11","slug":"karabinczyk-brelok-20w1","status":"publish","type":"product","link":"https:\/\/campmil.pl\/www\/index.php\/produkt\/karabinczyk-brelok-20w1\/","title":{"rendered":"Karabi\u0144czyk Brelok 20w1"},"content":{"rendered":"<p>Niepozorny gad\u017cet, kt\u00f3ry zmie\u015bci si\u0119 w ka\u017cdej kieszeni. Mo\u017cesz te\u017c przypi\u0105\u0107 go do szlufki lub do kluczy za pomoc\u0105 karabi\u0144czyka.<\/p>\n<p>Praktyczny karabinek z dwudziestk\u0105 r\u00f3\u017cnych narz\u0119dzi \u0142\u0105cz\u0105cy inteligentny design z rozmiarami minimalnymi, dzi\u0119ki kt\u00f3rym staje si\u0119 ca\u0142kowicie bezkonkurencyjnym narz\u0119dziem ratuj\u0105cym Ci\u0119 w ka\u017cdej sytuacji. Wykonany zosta\u0142 ze stali nierdzewnej, wi\u0119c wytrzyma z tob\u0105 wiele wypraw w r\u00f3\u017cnych warunkach.<\/p>\n<h2>Funkcje:<\/h2>\n<ol>\n<li>Linijka (4 cale)<\/li>\n<li>\u015aci\u0105gacz izolacji<\/li>\n<li>Otwieracz do butelek<\/li>\n<li>Karabi\u0144czyk<\/li>\n<li>Otwieracz do karton\u00f3w<\/li>\n<li>Klucz p\u0142aski 6mm<\/li>\n<li>\u015arubokr\u0119t krzy\u017cak ma\u0142y<\/li>\n<li>\u015arubokr\u0119t p\u0142aski ma\u0142y<\/li>\n<li>\u015arubokr\u0119t p\u0142aski \u015bredni<\/li>\n<li>\u015arubokr\u0119t p\u0142aski du\u017cy<\/li>\n<li>Klucz do szprych<\/li>\n<li>Ostrze do czyszczenia paznokci<\/li>\n<li>Ostrze do przecinania<\/li>\n<li>\u015arubokr\u0119t krzy\u017cak \u015bredni<\/li>\n<li>Klucz p\u0142aski 8mm<\/li>\n<li>Mini \u0142om<\/li>\n<li>Klucz p\u0142aski 10mm<\/li>\n<li>Klucz p\u0142aski 12mm<\/li>\n<li>Klucz p\u0142aski 14mm<\/li>\n<li>Pilnik<\/li>\n<\/ol>\n","protected":false},"excerpt":{"rendered":"<p>Karabinek z dwudziestk\u0105 r\u00f3\u017cnych narz\u0119dzi<\/p>\n","protected":false},"featured_media":75,"comment_status":"open","ping_status":"closed","template":"","meta":[],"product_cat":[15],"product_tag":[],"class_list":{"0":"post-74","1":"product","2":"type-product","3":"status-publish","4":"has-post-thumbnail","6":"product_cat-bez-kategorii","8":"first","9":"instock","10":"shipping-taxable","11":"purchasable","12":"product-type-simple"},"jetpack_sharing_enabled":true,"_links":{"self":[{"href":"https:\/\/campmil.pl\/www\/index.php\/wp-json\/wp\/v2\/product\/74","targetHints":{"allow":["GET"]}}],"collection":[{"href":"https:\/\/campmil.pl\/www\/index.php\/wp-json\/wp\/v2\/product"}],"about":[{"href":"https:\/\/campmil.pl\/www\/index.php\/wp-json\/wp\/v2\/types\/product"}],"replies":[{"embeddable":true,"href":"https:\/\/campmil.pl\/www\/index.php\/wp-json\/wp\/v2\/comments?post=74"}],"wp:featuredmedia":[{"embeddable":true,"href":"https:\/\/campmil.pl\/www\/index.php\/wp-json\/wp\/v2\/media\/75"}],"wp:attachment":[{"href":"https:\/\/campmil.pl\/www\/index.php\/wp-json\/wp\/v2\/media?parent=74"}],"wp:term":[{"taxonomy":"product_cat","embeddable":true,"href":"https:\/\/campmil.pl\/www\/index.php\/wp-json\/wp\/v2\/product_cat?post=74"},{"taxonomy":"product_tag","embeddable":true,"href":"https:\/\/campmil.pl\/www\/index.php\/wp-json\/wp\/v2\/product_tag?post=74"}],"curies":[{"name":"wp","href":"https:\/\/api.w.org\/{rel}","templated":true}]}}