{"id":65,"date":"2024-01-07T15:22:05","date_gmt":"2024-01-07T15:22:05","guid":{"rendered":"https:\/\/campmil.pl\/www\/?post_type=product&#038;p=65"},"modified":"2024-01-07T15:59:58","modified_gmt":"2024-01-07T15:59:58","slug":"pasek-valken-rozmiar-l","status":"publish","type":"product","link":"https:\/\/campmil.pl\/www\/index.php\/produkt\/pasek-valken-rozmiar-l\/","title":{"rendered":"Pas Valken rozmiar L"},"content":{"rendered":"<div class=\"mp4t_16_s mryx_16_s mr3m_1 mli2_1 mh85_56 mh85_0_l\">\n<div class=\"mgn2_16 _0d3bd_am0a-\">\n<p>Zewn\u0119trzny pas taktyczny stanowi\u0105cy uniwersaln\u0105 platform\u0119 do wygodnego przenoszenia broni, amunicji oraz podstawowego ekwipunku.<\/p>\n<p>Aby zachowa\u0107 funkcjonalno\u015b\u0107 oraz niewielk\u0105 wag\u0119, ca\u0142a zewn\u0119trzna powierzchnia pasa posiada laserowo wycinane sloty do monta\u017cu oporz\u0105dzenia w systemie MOLLE.<\/p>\n<p>W przypadku wi\u0119kszego obci\u0105\u017cenia, pas posiada w g\u00f3rnej cz\u0119\u015bci 4 punkty monta\u017cowe szelek oporz\u0105dzeniowych.<\/p>\n<p>Regulowany pas zapinany jest za pomoc\u0105 klamry wykonanej w wytrzyma\u0142ego tworzywa.<\/p>\n<\/div>\n<\/div>\n","protected":false},"excerpt":{"rendered":"<p>Zewn\u0119trzny pas taktyczny<\/p>\n","protected":false},"featured_media":66,"comment_status":"open","ping_status":"closed","template":"","meta":[],"product_cat":[15],"product_tag":[21],"class_list":{"0":"post-65","1":"product","2":"type-product","3":"status-publish","4":"has-post-thumbnail","6":"product_cat-bez-kategorii","7":"product_tag-pas-taktyczny","9":"first","10":"instock","11":"sold-individually","12":"shipping-taxable","13":"purchasable","14":"product-type-simple"},"jetpack_sharing_enabled":true,"_links":{"self":[{"href":"https:\/\/campmil.pl\/www\/index.php\/wp-json\/wp\/v2\/product\/65","targetHints":{"allow":["GET"]}}],"collection":[{"href":"https:\/\/campmil.pl\/www\/index.php\/wp-json\/wp\/v2\/product"}],"about":[{"href":"https:\/\/campmil.pl\/www\/index.php\/wp-json\/wp\/v2\/types\/product"}],"replies":[{"embeddable":true,"href":"https:\/\/campmil.pl\/www\/index.php\/wp-json\/wp\/v2\/comments?post=65"}],"wp:featuredmedia":[{"embeddable":true,"href":"https:\/\/campmil.pl\/www\/index.php\/wp-json\/wp\/v2\/media\/66"}],"wp:attachment":[{"href":"https:\/\/campmil.pl\/www\/index.php\/wp-json\/wp\/v2\/media?parent=65"}],"wp:term":[{"taxonomy":"product_cat","embeddable":true,"href":"https:\/\/campmil.pl\/www\/index.php\/wp-json\/wp\/v2\/product_cat?post=65"},{"taxonomy":"product_tag","embeddable":true,"href":"https:\/\/campmil.pl\/www\/index.php\/wp-json\/wp\/v2\/product_tag?post=65"}],"curies":[{"name":"wp","href":"https:\/\/api.w.org\/{rel}","templated":true}]}}